{"id":2,"date":"2023-03-13T12:40:47","date_gmt":"2023-03-13T10:40:47","guid":{"rendered":"https:\/\/ilmalampoasennus.fi\/blogi\/?page_id=2"},"modified":"2024-08-15T12:41:20","modified_gmt":"2024-08-15T09:41:20","slug":"yritys","status":"publish","type":"page","link":"https:\/\/ilmalampoasennus.fi\/blogi\/yritys\/","title":{"rendered":"Ilmal\u00e4mp\u00f6pumppuja useita merkkej\u00e4"},"content":{"rendered":"<h3>Ilmal\u00e4mp\u00f6pumppu, -asennus, -myynti ja huoltoliike<\/h3>\n<p>Ilmal\u00e4mp\u00f6pumppu edulliseen hintaan, asennamme my\u00f6s asiakkaan ostaman ilmal\u00e4mp\u00f6pumpun.<br \/>\nSuosittelen kuitenkin konsultoimaan ammattilaista ennen pumpun hankintaa.<br \/>\nKun l\u00e4mp\u00f6pumppu on hankittu tarkoin paikkaa ja tarvetta silm\u00e4ll\u00e4 pit\u00e4en,<br \/>\nvoit v\u00e4ltty\u00e4 monelta mutkalta ja harmilta.<\/p>\n<h3>Useita merkkej\u00e4 ja malleja<\/h3>\n<p>Ilmal\u00e4mp\u00f6asennus Laineelta saat l\u00e4hes kaikkia merkkej\u00e4 ja malleja,<img loading=\"lazy\" decoding=\"async\" class=\" wp-image-293 alignright\" src=\"https:\/\/ilmalampoasennus.fi\/blogi\/wp-content\/uploads\/2018\/02\/ilmalampopumppu_ayzp40pr_sharp-e1537475810561.bmp\" alt=\"\" width=\"308\" height=\"106\" \/><br \/>\nilmal\u00e4mp\u00f6pumppuja on sek\u00e4 l\u00e4mmitys,- ett\u00e4 viilennysk\u00e4ytt\u00f6\u00f6n tarkoitettuja.<\/p>\n<p><a href=\"https:\/\/ilmalampoasennus.fi\/blogi\/mitsubishi-rw-25-ilmalampopumppu\/\">Mitsubishi Electric<\/a>, Gree, Midea, Panasonic&#8230;.<\/p>\n<p>Ilmal\u00e4mp\u00f6pumpun asennuskartoitus on joskus v\u00e4ltt\u00e4m\u00e4t\u00f6n, usein kartoitus paikan p\u00e4\u00e4ll\u00e4 on paras vaihtoehto,<br \/>\njos kohteesta on esim. valokuvia tai pohjakuva, ty\u00f6n arviointi onnistuu usein niist\u00e4kin,<br \/>\nmy\u00f6skin asennusp\u00e4iv\u00e4n\u00e4 paikan p\u00e4\u00e4ll\u00e4 asennuspaikka l\u00f6ytyy helposti.<\/p>\n<h3>Kokenut yritt\u00e4j\u00e4<\/h3>\n<p>Ilmal\u00e4mp\u00f6asennus Laine on perustettu 2009.<br \/>\nAsennettuja ilmal\u00e4mp\u00f6pumppuja l\u00f6ytyy useita satoja ymp\u00e4ri etel\u00e4 ja osin keskisuomea my\u00f6ten.<\/p>\n<p>Minulla on pitk\u00e4 kokemus laivateollisuudessa erilaisista asennus- ja huoltot\u00f6ist\u00e4,<br \/>\nmy\u00f6s s\u00e4hk\u00f6alueiden vet\u00e4j\u00e4n\u00e4 olen toiminut usean vuoden.<\/p>\n<h3>Kaikki tarvittavat luvat<\/h3>\n<p>Koulutukseltani olen kylm\u00e4urakoitsija ja s\u00e4hk\u00f6urakoitsija. Teen s\u00e4hk\u00f6urakointia omakotitaloista l\u00e4htien.<br \/>\nOlen\u00a0<a href=\"https:\/\/rekisterit.tukes.fi\/toiminnanharjoittajat?p=0&amp;q=2257584-1\" target=\"_blank\" rel=\"noopener noreferrer\">Turvatekniikkakeskuksen (TUKES) laillistama ilmal\u00e4mp\u00f6pumppu-, kylm\u00e4aine- ja s\u00e4hk\u00f6asentaja<\/a>.<\/p>\n<p>Yst\u00e4v\u00e4llisin terveisin,<br \/>\nPekka Laine<br \/>\nYritt\u00e4j\u00e4<\/p>\n","protected":false},"excerpt":{"rendered":"<p>Ilmal\u00e4mp\u00f6pumppu, -asennus, -myynti ja huoltoliike Ilmal\u00e4mp\u00f6pumppu edulliseen hintaan, asennamme my\u00f6s asiakkaan ostaman ilmal\u00e4mp\u00f6pumpun. Suosittelen kuitenkin konsultoimaan ammattilaista ennen pumpun hankintaa. Kun l\u00e4mp\u00f6pumppu on hankittu tarkoin paikkaa ja tarvetta silm\u00e4ll\u00e4 pit\u00e4en, voit v\u00e4ltty\u00e4 monelta mutkalta ja harmilta. Useita merkkej\u00e4 ja malleja Ilmal\u00e4mp\u00f6asennus Laineelta saat l\u00e4hes kaikkia merkkej\u00e4 ja malleja, ilmal\u00e4mp\u00f6pumppuja on <a class=\"more-link\" href=\"https:\/\/ilmalampoasennus.fi\/blogi\/yritys\/\">Lue lis\u00e4\u00e4 &#8230;<\/a><\/p>\n","protected":false},"author":3,"featured_media":0,"parent":0,"menu_order":0,"comment_status":"closed","ping_status":"closed","template":"","meta":{"footnotes":""},"yst_prominent_words":[],"class_list":["post-2","page","type-page","status-publish","hentry"],"_links":{"self":[{"href":"https:\/\/ilmalampoasennus.fi\/blogi\/wp-json\/wp\/v2\/pages\/2","targetHints":{"allow":["GET"]}}],"collection":[{"href":"https:\/\/ilmalampoasennus.fi\/blogi\/wp-json\/wp\/v2\/pages"}],"about":[{"href":"https:\/\/ilmalampoasennus.fi\/blogi\/wp-json\/wp\/v2\/types\/page"}],"author":[{"embeddable":true,"href":"https:\/\/ilmalampoasennus.fi\/blogi\/wp-json\/wp\/v2\/users\/3"}],"replies":[{"embeddable":true,"href":"https:\/\/ilmalampoasennus.fi\/blogi\/wp-json\/wp\/v2\/comments?post=2"}],"version-history":[{"count":60,"href":"https:\/\/ilmalampoasennus.fi\/blogi\/wp-json\/wp\/v2\/pages\/2\/revisions"}],"predecessor-version":[{"id":2417,"href":"https:\/\/ilmalampoasennus.fi\/blogi\/wp-json\/wp\/v2\/pages\/2\/revisions\/2417"}],"wp:attachment":[{"href":"https:\/\/ilmalampoasennus.fi\/blogi\/wp-json\/wp\/v2\/media?parent=2"}],"wp:term":[{"taxonomy":"yst_prominent_words","embeddable":true,"href":"https:\/\/ilmalampoasennus.fi\/blogi\/wp-json\/wp\/v2\/yst_prominent_words?post=2"}],"curies":[{"name":"wp","href":"https:\/\/api.w.org\/{rel}","templated":true}]}}