{"id":24,"date":"2023-11-14T18:57:00","date_gmt":"2023-11-14T16:57:00","guid":{"rendered":"https:\/\/ilmalampoasennus.fi\/blogi\/?page_id=24"},"modified":"2025-04-09T12:58:59","modified_gmt":"2025-04-09T09:58:59","slug":"mitsubishi-ay-25-ilmalampopumppu","status":"publish","type":"page","link":"https:\/\/ilmalampoasennus.fi\/blogi\/mitsubishi-ay-25-ilmalampopumppu\/","title":{"rendered":"Mitsubishi Electric AY -ilmal\u00e4mp\u00f6pumppu"},"content":{"rendered":"<h2 dir=\"ltr\">Mitsubishi Electric AY 25<\/h2>\n<p><b>Ilmal\u00e4mp\u00f6pumppu Mitsubishi Electric AY<a title=\"Tilaa maksuton arviointi\" href=\"https:\/\/ilmalampoasennus.fi\/blogi\/tilaa-maksuton-arviointi\/\"><br \/>\ntilaa ilmainen arviointi!<\/a><\/b><\/p>\n<p><b><a href=\"https:\/\/ilmalampoasennus.fi\/blogi\/wp-content\/uploads\/2018\/09\/AP_esite.pdf\" data-rich-text-format-boundary=\"true\">Esite AY 25<\/a><\/b><\/p>\n<h3>Erinomainen valinta kes\u00e4m\u00f6kille<\/h3>\n<h3 dir=\"ltr\">Mitsubishi Electric AY 25 ilmal\u00e4mp\u00f6pumppu:<\/h3>\n<ul>\n<li style=\"list-style-type: none;\">\n<ul>\n<li dir=\"ltr\">taloudellista l\u00e4mp\u00f6\u00e4 Pohjolan vaativiin olosuhteisiin<\/li>\n<li dir=\"ltr\">energiatehokas<\/li>\n<li dir=\"ltr\">ymp\u00e4rist\u00f6yst\u00e4v\u00e4llinen<\/li>\n<li dir=\"ltr\">R32 kylm\u00e4aine<\/li>\n<li dir=\"ltr\">Wifi<\/li>\n<li dir=\"ltr\">vaivaton<\/li>\n<li dir=\"ltr\">hiljainen (19 db)<\/li>\n<li dir=\"ltr\">sis\u00e4ilmanpuhdistaja<\/li>\n<li dir=\"ltr\">kes\u00e4ll\u00e4 viilent\u00e4j\u00e4\/kosteuden poistaja<\/li>\n<li dir=\"ltr\">maksimissaan 100 m2 tilaan<\/li>\n<\/ul>\n<\/li>\n<\/ul>\n<ul>\n<li style=\"list-style-type: none;\"><span style=\"color: inherit; font-size: 1.56em;\">Ilmal\u00e4mp\u00f6pumpun perusasennus sis\u00e4lt\u00e4\u00e4:<\/span><\/li>\n<\/ul>\n<ul>\n<li style=\"list-style-type: none;\">\n<ul>\n<li dir=\"ltr\">Mitsubishi Electric AY 25 laitteen<\/li>\n<li dir=\"ltr\">Kylm\u00e4aineputket 3 metri\u00e4<\/li>\n<li dir=\"ltr\">Sein\u00e4kannake<\/li>\n<li dir=\"ltr\">Kondenssivesiputki<\/li>\n<li dir=\"ltr\">Rei\u00e4n teko ja tiivistys (yksi reik\u00e4 puurakenteeseen)<\/li>\n<li dir=\"ltr\">S\u00e4hk\u00f6sy\u00f6t\u00f6n asennus yhden rei\u00e4n kautta enint\u00e4\u00e4n 3 metrin p\u00e4\u00e4st\u00e4<\/li>\n<li dir=\"ltr\">Pistorasialla tai k\u00e4ytt\u00f6kytkimell\u00e4<\/li>\n<\/ul>\n<\/li>\n<\/ul>\n<ul style=\"background-color: transparent; color: #404040; font-family: sans-serif; font-size: 15px; font-style: normal; font-variant: normal; font-weight: 400; letter-spacing: normal; orphans: 2; text-align: left; text-decoration: none; text-indent: 0px; text-transform: none; -webkit-text-stroke-width: 0px; white-space: normal; word-spacing: 0px; padding: 0px; margin: 0px 0px 20px 20px;\">\n<li style=\"list-style-type: none;\"><\/li>\n<\/ul>\n","protected":false},"excerpt":{"rendered":"<p>Mitsubishi Electric AY 25 Ilmal\u00e4mp\u00f6pumppu Mitsubishi Electric AY tilaa ilmainen arviointi! Esite AY 25 Erinomainen valinta kes\u00e4m\u00f6kille Mitsubishi Electric AY 25 ilmal\u00e4mp\u00f6pumppu: taloudellista l\u00e4mp\u00f6\u00e4 Pohjolan vaativiin olosuhteisiin energiatehokas ymp\u00e4rist\u00f6yst\u00e4v\u00e4llinen R32 kylm\u00e4aine Wifi vaivaton hiljainen (19 db) sis\u00e4ilmanpuhdistaja kes\u00e4ll\u00e4 viilent\u00e4j\u00e4\/kosteuden poistaja maksimissaan 100 m2 tilaan Ilmal\u00e4mp\u00f6pumpun perusasennus sis\u00e4lt\u00e4\u00e4: Mitsubishi Electric AY <a class=\"more-link\" href=\"https:\/\/ilmalampoasennus.fi\/blogi\/mitsubishi-ay-25-ilmalampopumppu\/\">Lue lis\u00e4\u00e4 &#8230;<\/a><\/p>\n","protected":false},"author":3,"featured_media":1838,"parent":0,"menu_order":0,"comment_status":"closed","ping_status":"closed","template":"","meta":{"footnotes":""},"yst_prominent_words":[],"class_list":["post-24","page","type-page","status-publish","has-post-thumbnail","hentry"],"_links":{"self":[{"href":"https:\/\/ilmalampoasennus.fi\/blogi\/wp-json\/wp\/v2\/pages\/24","targetHints":{"allow":["GET"]}}],"collection":[{"href":"https:\/\/ilmalampoasennus.fi\/blogi\/wp-json\/wp\/v2\/pages"}],"about":[{"href":"https:\/\/ilmalampoasennus.fi\/blogi\/wp-json\/wp\/v2\/types\/page"}],"author":[{"embeddable":true,"href":"https:\/\/ilmalampoasennus.fi\/blogi\/wp-json\/wp\/v2\/users\/3"}],"replies":[{"embeddable":true,"href":"https:\/\/ilmalampoasennus.fi\/blogi\/wp-json\/wp\/v2\/comments?post=24"}],"version-history":[{"count":71,"href":"https:\/\/ilmalampoasennus.fi\/blogi\/wp-json\/wp\/v2\/pages\/24\/revisions"}],"predecessor-version":[{"id":2720,"href":"https:\/\/ilmalampoasennus.fi\/blogi\/wp-json\/wp\/v2\/pages\/24\/revisions\/2720"}],"wp:featuredmedia":[{"embeddable":true,"href":"https:\/\/ilmalampoasennus.fi\/blogi\/wp-json\/wp\/v2\/media\/1838"}],"wp:attachment":[{"href":"https:\/\/ilmalampoasennus.fi\/blogi\/wp-json\/wp\/v2\/media?parent=24"}],"wp:term":[{"taxonomy":"yst_prominent_words","embeddable":true,"href":"https:\/\/ilmalampoasennus.fi\/blogi\/wp-json\/wp\/v2\/yst_prominent_words?post=24"}],"curies":[{"name":"wp","href":"https:\/\/api.w.org\/{rel}","templated":true}]}}